{"id":1060,"date":"2025-06-03T20:26:58","date_gmt":"2025-06-03T23:26:58","guid":{"rendered":"https:\/\/mxzone.com.ar\/shop\/?post_type=product&#038;p=1060"},"modified":"2025-06-06T20:10:11","modified_gmt":"2025-06-06T23:10:11","slug":"kit-manetas-irrompibles-apt-de-polisport","status":"publish","type":"product","link":"https:\/\/mxzone.com.ar\/shop\/producto\/kit-manetas-irrompibles-apt-de-polisport\/","title":{"rendered":"Kit Manetas Irrompibles APT de Polisport"},"content":{"rendered":"<div><strong> IMPORTANTE: consultar modelo y a\u00f1o de la moto antes de comprar para asegurar compatibilidad.<\/strong><\/div>\n<div><\/div>\n<div><strong>Caracter\u00edsticas principales:<\/strong><\/div>\n<div>\u2022Flexibles e irrompibles: dise\u00f1adas para doblarse en caso de ca\u00edda y volver a su forma original.<\/div>\n<div>\u2022Material APT: mezcla patentada que mantiene la sensaci\u00f3n de palanca OEM.<\/div>\n<div>\u2022Compatibilidad con sistemas Brembo.<\/div>\n<div>\u2022No se deforman ni se doblan durante el uso.<\/div>\n<div>\u2022Color: Negro.<\/div>\n<div>\u2022Dise\u00f1o OEM: mantiene el mismo formato y tacto que las maneta.<\/div>\n<div><\/div>\n<div>Estas manillas son compatibles con motos equipadas con sistemas de freno\/embrague Brembo\/Braktec, en particular:<\/div>\n<ul>\n<li>KTM<\/li>\n<li>HUSQVARNA<\/li>\n<li>GASGAS<\/li>\n<li>BETA<\/li>\n<\/ul>\n<div>En este producto espec\u00edfico de Polisport (APT Unbreakable Levers):<\/div>\n<div>\u2022Se venden en kit: una es para freno y otra para embrague.<\/div>\n<div>\u2022Ambas tienen dise\u00f1o \u201cOEM shape\u201d, lo que significa que mantienen la forma y tacto originales (pero son mucho m\u00e1s resistentes).<\/div>\n","protected":false},"excerpt":{"rendered":"<p>Estas manillas\u00a0 son manetas de embrague y freno flexibles dise\u00f1adas espec\u00edficamente para motos de enduro y motocross. Est\u00e1n fabricadas con la tecnolog\u00eda APT de Polisport, que combina un compuesto flexible especial con acero inoxidable para ofrecer resistencia a impactos sin quebrarse ni deformarse permanentemente.<\/p>\n","protected":false},"featured_media":1061,"comment_status":"open","ping_status":"closed","template":"","meta":{"_acf_changed":false},"product_brand":[141],"product_cat":[140],"product_tag":[],"class_list":{"0":"post-1060","1":"product","2":"type-product","3":"status-publish","4":"has-post-thumbnail","6":"product_brand-polisport","7":"product_cat-palancas","9":"first","10":"instock","11":"sold-individually","12":"shipping-taxable","13":"purchasable","14":"product-type-variable"},"acf":[],"jetpack_sharing_enabled":true,"_links":{"self":[{"href":"https:\/\/mxzone.com.ar\/shop\/wp-json\/wp\/v2\/product\/1060","targetHints":{"allow":["GET"]}}],"collection":[{"href":"https:\/\/mxzone.com.ar\/shop\/wp-json\/wp\/v2\/product"}],"about":[{"href":"https:\/\/mxzone.com.ar\/shop\/wp-json\/wp\/v2\/types\/product"}],"replies":[{"embeddable":true,"href":"https:\/\/mxzone.com.ar\/shop\/wp-json\/wp\/v2\/comments?post=1060"}],"wp:featuredmedia":[{"embeddable":true,"href":"https:\/\/mxzone.com.ar\/shop\/wp-json\/wp\/v2\/media\/1061"}],"wp:attachment":[{"href":"https:\/\/mxzone.com.ar\/shop\/wp-json\/wp\/v2\/media?parent=1060"}],"wp:term":[{"taxonomy":"product_brand","embeddable":true,"href":"https:\/\/mxzone.com.ar\/shop\/wp-json\/wp\/v2\/product_brand?post=1060"},{"taxonomy":"product_cat","embeddable":true,"href":"https:\/\/mxzone.com.ar\/shop\/wp-json\/wp\/v2\/product_cat?post=1060"},{"taxonomy":"product_tag","embeddable":true,"href":"https:\/\/mxzone.com.ar\/shop\/wp-json\/wp\/v2\/product_tag?post=1060"}],"curies":[{"name":"wp","href":"https:\/\/api.w.org\/{rel}","templated":true}]}}